ate l(9).
9
Let y(b) = b - 1. Suppose f - 3*v - 17 = 0, 10*f + 4*v - 116 = 6*f. Suppose -5*c - 9 = f. Calculate y(c).
-8
Let s(i) be the third derivative of i**6/120 - i**5/10 + i**4/6 + 5*i**3/6 + 4*i**2 + 1. Let d = -7 + 11. What is s(d)?
-11
Suppose -2*n - 5 = 12*v - 11*v, 4*v + 8 = -2*n. Let z(m) be the second derivative of m**3/3 + m**2 + 2*m. Give z(n).
-2
Let p(v) = 2*v**2 + 2*v + 1. Let z be 5292/78 - (-6)/39. Let g be 18/(-8) - (-17)/z. Determine p(g).
5
Let w(t) = -t**3 + 2*t**2 + 2*t - 2. Let q be w(0). Let b(s) be the second derivative of -s**3/2 + s**2/2 - s. Determine b(q).
7
Let i(x) = x**3 + 6*x**2 + x + 6. Let g be i(-6). Let d(p) = -2*p - 1 - 4*p**3 + g + 0*p**3 + p. Let h = -10 - -9. What is d(h)?
4
Let q(p) = 6 - 8*p + 0*p**2 + 2*p - p**2 + p. Let u = -21 + 5. Let n = -22 - u. What is q(n)?
0
Let i(x) = -x**2 - 10*x - 22. Let p(n) = 28*n + 216. Let k be p(-8). What is i(k)?
-6
Suppose 2*g + 5 - 27 = 3*p, 4*g - p = 34. Let y be (-7)/(14/g) - -5. Let i(o) = 6*o**3 - 2*o**2 + o. Determine i(y).
5
Let j(g) be the second derivative of -g**4/12 - 7*g**3/6 - g**2 - 13*g. Suppose -x = -2*s - 8 - 12, -5*s - 51 = -3*x. Let m = -16 - s. Calculate j(m).
-2
Let w be (-2)/(2*(-1)/4). Let v(f) = -w*f - f - f**3 - 6*f**2 - f**2. Let y(t) = -t**3 + 9*t**2 - 13*t - 13. Let s be y(7). What is v(s)?
-6
Let z(m) = -4*m**3 + 11*m**2 - 5*m + 17. Let g(y) = -3*y**3 + 10*y**2 - 4*y + 16. Let h(v) = 5*g(v) - 4*z(v). Give h(-6).
12
Suppose 21 = o + 19. Let m(u) = -4*u + o*u - 56 + 57 + 0*u. Calculate m(-5).
11
Let i(m) = -5*m + 4*m + 2 - 1 + 0. Let d be (-56)/(-16)*(-12)/21. Calculate i(d).
3
Let w(u) = -9*u - 50. Let y = 1299 - 1305. Calculate w(y).
4
Let z(k) = -14*k + 1. Let n = 441 + -442. Determine z(n).
15
Let z(q) be the first derivative of -q**2 - 12*q + 58. Calculate z(-7).
2
Let y = 95 + -95. Let w(x) = x + 9. Give w(y).
9
Let y = -513 + 517. Let p(d) = -7*d + 4*d + 3 - d**3 + 4*d**2 + 0*d**3. Calculate p(y).
-9
Let h(z) = 0*z + z**2 - 2 + 3*z + z. Suppose 0 = 615*k - 613*k + 12. What is h(k)?
10
Let y(z) = -7*z - z - 1 - 3 + 6*z. Let v be y(-3). Let r be 1 - (v - 3) - 2. Let t(c) = c. What is t(r)?
0
Suppose g = -b - 10, b + 5*g = -0 - 6. Let k = b - -17. Let a(n) = -n + 3 + 0*n - k + 4. Calculate a(1).
0
Let k(h) = -h**2 + 4*h - 2. Suppose -3*u - 5*j + 1 = 0, -2*j - 5 = -5*u + 7. Give k(u).
2
Let r(i) be the third derivative of -7*i**6/120 - i**5/10 - 7*i**4/24 - i**3/2 + i**2. Let f(d) = -d + 81 - d**3 - 81. Let a(l) = 6*f(l) - r(l). Give a(-6).
-3
Let o = -271 - -135. Let n be 1/7 + o/(-28). Suppose 0 = -f - 0*a + 3*a - 4, -n*a = 5*f - 20. Let v(i) = i**2 + 3*i - 1. Give v(f).
9
Let y(c) be the second derivative of -c**4/12 + 7*c**3/6 - 7*c**2/2 - 7*c. Let z(h) = h - 3. Let g be z(4). Suppose 0 = -d - g + 7. Determine y(d).
-1
Let g(b) = 3*b**2 - b. Let p be g(-1). Suppose 14 = 5*f + 4. Let l(t) = t**f + 0*t + 3 - 3*t - t + 3. Give l(p).
6
Suppose 2*x + 156 = 5*x. Let o = x + -50. Let p(q) be the second derivative of q**3 + q. What is p(o)?
12
Let s(x) = -x**3 + 6*x**2 - 4*x - 5. Let t(y) = 6*y**2 - y - 2. Let r be t(2). Suppose 4*b = 2*o + r, 3*b = -b - 3*o + 10. Determine s(b).
11
Let b(x) = 2*x**2 - 5*x + 4. Let h = 42 - 37. Suppose h = 3*u - 4. Determine b(u).
7
Suppose 5*i - 3*a - 8 - 1 = 0, -4*i + 12 = -4*a. Suppose -2*k + 34 = 4*c, i = -6*k + 4*k + 6. Let z = c - 11. Let u(h) = -h**2 - 2*h. Give u(z).
-8
Let m(u) = 5*u**2 + 8*u - 7. Let k(z) = z**2 - 1. Let f(v) = -4*k(v) + m(v). Let q(x) = -x**2 - 12*x - 36. Let d be q(-9). Determine f(d).
6
Suppose 2*u = 3*u - 4. Let x(p) = -2*p - 1 + 4*p - u*p. Calculate x(-3).
5
Let u(z) = 7*z + 1. Let r be u(-1). Let q(w) = w**2 + 8*w + 7. Let v be q(r). Let f(t) be the first derivative of -t**3/3 - 3*t**2/2 + 161. Determine f(v).
-10
Suppose 0 = -5*h + 4*u + 23, 3*u = -5*h + 3*h. Let r(n) = 9*n. Determine r(h).
27
Let m be -3 + (-15)/6*(-72)/60. Let q(p) = p**3 + p + 31. Determine q(m).
31
Let r(m) = m**3 - m**2 - 8*m - 4. Let q be 8/(8*8/32). Give r(q).
12
Suppose 5*m + 19 = 3*n, -4*m - 11 = -n - 0. Let b be 0/m*7/(-14). Suppose b = 5*l - 9 + 4. Let z(k) = -6*k. Determine z(l).
-6
Let l be 8 - 1 - (40 - 37). Let o(s) = -s**3 + 6*s**2 - 7*s - 2. Determine o(l).
2
Let q(j) = 3 - 5*j**2 + 53*j - 51*j - 4. Let k be q(1). Let r be 6*(k/(-3))/(-4). Let b(v) = v - 1. Determine b(r).
-3
Let q(x) = x**2 + 6*x - 1. Let y be (2 - 1)/((-3)/42). Let v = y - -14. Suppose 7*g + 35 = -v*g. Determine q(g).
-6
Let h(n) be the third derivative of -n**4/8 - 19*n**3/6 - 297*n**2. What is h(-7)?
2
Let p(x) = 1 + 23*x**2 + 14*x**2 - 38*x**2. Give p(2).
-3
Let t be -11 - -34*(-5)/(-15). Let r(b) be the third derivative of 0 - 1/24*b**4 + 4*b**2 + 0*b - 1/30*b**5 - t*b**3 - 1/120*b**6. Give r(-2).
0
Let c(j) = 2*j**3 - 10*j - 10. Let l be c(-1). Let p(f) = -5*f**3 + 3*f**2 - 7*f + 1. Let n(r) = r**3 - r**2 + r - 1. Let t(y) = 4*n(y) + p(y). Give t(l).
7
Let t be 1/2*-2*(3 - 11). Suppose t*u - 4*u = 20. Let n(x) be the second derivative of x**3/3 - 2*x**2 - x. Determine n(u).
6
Let q = -8 - -11. Let u(j) be the second derivative of -j**5/20 + j**4/12 + 2*j**3/3 - j**2/2 + 414*j. Determine u(q).
-7
Let y be (22/(-8))/((-4)/16) - 3. Let s(u) = u**2 - 8*u - 5. Calculate s(y).
-5
Let w(m) = m - 28. Suppose 232 = -27*z + 610. Calculate w(z).
-14
Let z(p) = -3*p + 5. Suppose 0*b = -b. Let a(n) = 7 + 4*n + n - 2*n - 3. Let q be a(b). Give z(q).
-7
Let i(m) = 12*m**2 - m. Suppose -2*k + 5 = 3*j, j = k + k - 9. Suppose -9 + 13 = -k*b. Determine i(b).
13
Let f be 2/4 - (-133)/(-38) - -24. Let p(t) = t**2 - 19*t - 40. Determine p(f).
2
Suppose 2*l + 5*k + 31 = -0*k, -4*l - 27 = 3*k. Suppose 0*h + h = 2*n - 6, -2*h + 4 = 4*n. Let p(x) = -15*x**2 + 14*x**n - 1 + 5 - 2. What is p(l)?
-7
Let t(r) be the third derivative of 3*r**4/8 - r**3 + 21*r**2 - 1. Calculate t(5).
39
Let h(q) = -q**2 - 13*q + 32. Let p be h(-15). Let c(y) = 2 + p*y - 10*y + y. Suppose 4*l = x + 18, 3*x + 3*l - 5 = 1. Give c(x).
16
Let c(w) = w + 15. Let d = 26 - 37. Let a be (-22)/d - (12 + 0). Determine c(a).
5
Let o(n) = -n**3 + 6*n**2 + 6*n. Let z(b) = -b**2 - 14*b + 22. Suppose -4*y + 8 = 0, 3*y + y = -3*r - 37. Let l be z(r). Give o(l).
-7
Let o(u) = -3 - 4632*u + 4630*u - 3. Determine o(6).
-18
Let h(d) be the third derivative of -d**8/20160 + d**7/840 + d**6/120 - 3*d**5/20 - 4*d**2. Let z(p) be the third derivative of h(p). Give z(5).
11
Let m be 1 + (1 - (3 - 1)). Let t(w) = 1044*w**2 - 1036*w**2 + 0*w + m*w. What is t(1)?
8
Let t(l) = 5095 + 3*l - 19*l + l**2 - 5076. Calculate t(15).
4
Let y be (-5)/(-4) - 1/4. Let u(b) be the first derivative of -b**2 + b - 5. Determine u(y).
-1
Let o = 155 + 191. Let r(u) = 3*u - 331 + o - 2*u. Give r(0).
15
Let u(f) = -1 + 0*f**2 - 3*f**2 - f**3 - f + 0*f**3. Let g = 59 + -61. Give u(g).
-3
Let a = 135 - 143. Let d(k) = k**3 + 7*k**2 - 9*k - 7. Determine d(a).
1
Let r = -66 + 63. Let j(s) = -s**2 - 3*s - 2. Give j(r).
-2
Suppose -3*k = -5*k + 6. Suppose -5*o + 5 = -k*m + 2*m, 0 = -4*m. Let t = -5 + o. Let p(y) = -3*y - 2. Determine p(t).
10
Let o be ((-5)/20)/(7/84). Let z(s) be the first derivative of 4*s - 1 - 1/3*s**3 - 5/2*s**2. Determine z(o).
10
Let a = 49 - 53. Let o be (4 + -3)*a + (8 - 2). Let j(i) = -6*i + 4. Calculate j(o).
-8
Let r be (32/(-32))/(3 + -2). Let h(u) = 27*u - 1. Give h(r).
-28
Suppose -6*l = 1487 - 1505. Let k(j) = j**3 - 3*j**2 + 2*j + 1. What is k(l)?
7
Let v(i) be the third derivative of -i**4/12 - i**3/2 + 24*i**2. Let y = 2 - 4. Give v(y).
1
Suppose 0 = -5*j - j + 36. Let v(w) = w**3 - 9*w**2 - 5. Let x(c) = c**3 - 8*c**2 - c - 5. Let h(z) = -3*v(z) + 4*x(z). Calculate h(j).
7
Let l(z) be the first derivative of z**2/2 - 2*z - 18. Calculate l(8).
6
Let t(x) = -x**3 + 7*x**2 + x - 3. Let o be (-18)/(-9) + 3*1. Suppose -35 = -5*a + 3*u, -2*u - 40 = -o*a - 5. Give t(a).
4
Let l(u) = u**2 + 7*u + 7. Let h = 92 + -68. Suppose -120*w = -124*w - h. Give l(w).
1
Let u(z) be the second derivative of z**5/4 - z**4/12 + z**3/6 + z**2/2 + z + 12. Calculate u(-2).
-45
Suppose 2*u + 0*u = -12. Let c(l) = -8*l + 9. Let m(h) = h - 1. Let y(k) = c(k) + 6*m(k). What is y(u)?
15
Let b be (-30)/(-14) - 7/49. Let i be 1/2*b*-2. Let p(u) = 16*u**2 - 7*u**2 + u**3 - 10*u**2 - u + 1. Determine p(i).
